
{"id":1136,"date":"2017-03-20T18:35:17","date_gmt":"2017-03-20T17:35:17","guid":{"rendered":"http:\/\/igbce-marburg.de\/?page_id=1136"},"modified":"2026-01-04T11:52:04","modified_gmt":"2026-01-04T10:52:04","slug":"newsneuigkeitenaktuelles","status":"publish","type":"page","link":"https:\/\/igbce-marburg.de\/?page_id=1136","title":{"rendered":"Veranstaltungs R\u00fcckblicke"},"content":{"rendered":"\n<p><strong>Weihnachts-Dampfzugfahrt nach Aschaffenburg<\/strong><br \/><br \/>Am 20. Dezember 2025 startete die IGBCE Ortsgruppe Marburg um 7:50 Uhr vom Gleis 4 am Marburger Hauptbahnhof zu einer besonderen Weihnachtsfahrt. Mit dem Weihnachts-Dampfzug ging es auf eine nostalgische Reise zum Weihnachtsmarkt nach Aschaffenburg.<br \/><br \/>Gezogen wurde der Zug von der Dampflok \u201eJulchen\u201c, die 1959 in Babelsberg gebaut wurde. Die Lok wird von den Eisenbahnfreunden Treysa e. V. mit gro\u00dfem ehrenamtlichem Engagement betrieben und kommt regelm\u00e4\u00dfig bei Sonderfahrten zum Einsatz.<br \/><br \/>Im historischen Zug erreichten wir Aschaffenburg und besuchten dort den stimmungsvollen Weihnachtsmarkt mit seinen traditionellen Handwerksst\u00e4nden. In Butzbach wurde die Dampflok sowohl auf der Hin- als auch auf der R\u00fcckfahrt mit frischem Wasser versorgt \u2013 ein besonderes Erlebnis nicht nur f\u00fcr die Reisenden, sondern auch f\u00fcr Zuschauer an der Bahnstrecke.<br \/><br \/>Die IGBCE Ortsgruppe Marburg bedankt sich herzlich bei den Eisenbahnfreunden Treysa e. V. sowie bei allen Teilnehmenden unserer Ortsgruppe f\u00fcr den reibungslosen Ablauf und diese wunderbare gemeinsame Fahrt, die uns sicherlich noch lange in Erinnerung bleiben wird.<\/p>\n\n\n\n<figure class=\"wp-block-gallery has-nested-images columns-default is-cropped wp-block-gallery-1 is-layout-flex wp-block-gallery-is-layout-flex\">\n<figure class=\"wp-block-image size-large\"><img loading=\"lazy\" decoding=\"async\" width=\"532\" height=\"600\" data-id=\"2754\" src=\"https:\/\/igbce-marburg.de\/wp-content\/uploads\/2026\/01\/Lock2.png\" alt=\"\" class=\"wp-image-2754\" srcset=\"https:\/\/igbce-marburg.de\/wp-content\/uploads\/2026\/01\/Lock2.png 532w, https:\/\/igbce-marburg.de\/wp-content\/uploads\/2026\/01\/Lock2-266x300.png 266w\" sizes=\"auto, (max-width: 532px) 100vw, 532px\" \/><\/figure>\n<\/figure>\n\n\n\n<p><strong> IGBCE 3-Tagesfahrt, Trier und Luxemburg<\/strong> am 24. &#8211; 26.10.2025<\/p>\n\n\n\n<figure class=\"wp-block-image size-full\"><a href=\"https:\/\/igbce-marburg.de\/wp-content\/uploads\/2025\/11\/2025Trierfahrt-1.jpg\"><img loading=\"lazy\" decoding=\"async\" width=\"320\" height=\"240\" src=\"https:\/\/igbce-marburg.de\/wp-content\/uploads\/2025\/11\/2025Trierfahrt-1.jpg\" alt=\"\" class=\"wp-image-2724\" srcset=\"https:\/\/igbce-marburg.de\/wp-content\/uploads\/2025\/11\/2025Trierfahrt-1.jpg 320w, https:\/\/igbce-marburg.de\/wp-content\/uploads\/2025\/11\/2025Trierfahrt-1-300x225.jpg 300w\" sizes=\"auto, (max-width: 320px) 100vw, 320px\" \/><\/a><\/figure>\n\n\n\n<p>Wir sind in Marburg vom Georg-Gassmann-Stadion um kurz nach 8:00 Uhr gestartet und nach ca. 200 km erreichen wir die Geierlaybr\u00fccke im Hunsr\u00fcck. Diese wurde in 2017 errichtet und f\u00fchrt \u00fcber den M\u00f6rsdorfer Bach, die Br\u00fccke ist 360 m lang und 100 m hoch. Sie ist eine der l\u00e4ngsten H\u00e4ngebr\u00fccken Deutschlands. Nach einem leckeren Fr\u00fchst\u00fcck am Bus, lagen noch ca. 100 km bis Trier vor uns. In Trier hatten wir eine zweist\u00fcndige Stadtf\u00fchrung. Anschlie\u00dfend konnten wir unsere Zimmer, im Hotel Park Plaza am Nikolaus-Koch-Platz 1 beziehen.<\/p>\n\n\n\n<p>Am n\u00e4chsten Morgen besuchten wir Luxemburg hier hatten wir Zeit um die Stadt zu erkunden. In Luxemburg sind die \u00f6ffentlichen Verkehrsmittel kostenfrei und wir haben dies gerne genutzt. Abends waren wir in Trier zu einer Weinprobe im Weingut Deutschherrenhof, dort gab es neben leckerem Wein auch ein deftiges Abendessen.<\/p>\n\n\n\n<p>Am letzten Tag besuchten wir Koblenz, hier sind wir vom Deutschen Eck mit dem Sessellift zur Besichtigung auf die Festung Ehrenbreitstein. Die Festung besteht seit dem 16. Jahrhundert, urspr\u00fcnglich&nbsp;kurtrierische, sp\u00e4ter&nbsp;preu\u00dfische&nbsp;Befestigungsanlage&nbsp;sie liegt gegen\u00fcber der&nbsp;Moselm\u00fcndung.<\/p>\n\n\n\n<p><\/p>\n\n\n\n<p><strong>Wanderung zu den Wilhelmsteinen<\/strong><\/p>\n\n\n\n<figure class=\"wp-block-image size-large\"><a href=\"https:\/\/igbce-marburg.de\/wp-content\/uploads\/2025\/10\/image.png\"><img loading=\"lazy\" decoding=\"async\" width=\"1024\" height=\"586\" src=\"https:\/\/igbce-marburg.de\/wp-content\/uploads\/2025\/10\/image-1024x586.png\" alt=\"\" class=\"wp-image-2704\" srcset=\"https:\/\/igbce-marburg.de\/wp-content\/uploads\/2025\/10\/image-1024x586.png 1024w, https:\/\/igbce-marburg.de\/wp-content\/uploads\/2025\/10\/image-300x172.png 300w, https:\/\/igbce-marburg.de\/wp-content\/uploads\/2025\/10\/image-768x440.png 768w, https:\/\/igbce-marburg.de\/wp-content\/uploads\/2025\/10\/image.png 1062w\" sizes=\"auto, (max-width: 1024px) 100vw, 1024px\" \/><\/a><\/figure>\n\n\n\n<p>Am Samstag den 11. Oktober sind wir mit 25 Mitgliedern zu den <a>Wilhelmsteinen<\/a> gewandert. Es war ein leicht bedeckter Tag, Dietrich Wehrstedt hat eine wundersch\u00f6ne Wanderstrecke f\u00fcr uns ausgesucht. Das Vulkangestein ist vor 360 Millionen Jahren entstanden und wurde als keltische und germanische Kultst\u00e4tte genutzt und war eine fr\u00fchgeschichtliche Handelsroute. Heute ist es ein beliebtes Ausflugsziel und Kletterfels.<\/p>\n\n\n\n<p>Im Anschluss hatten wir gemeinsam ein sehr leckeres Abendessen im Restaurant Schlossgarten in Gladenbach. Es war ein sehr sch\u00f6ner, gemeinsamer Tag mit vielen guten Gespr\u00e4chen.<\/p>\n\n\n\n<p><\/p><p><\/p><p><br \/><\/p><em><strong>Familienausflug zum FORT FUN Abenteuerland<\/strong><\/em>\n\n\n\n<p>Am Samstag den 21. 06. 2025, um 09:00 Uhr sind wir vom<br \/>Parkplatz am Georg-Gassmann-Stadion mit dem Bus gestartet.<\/p>\n\n\n\n<figure class=\"wp-block-image size-full\"><a href=\"https:\/\/igbce-marburg.de\/wp-content\/uploads\/2025\/06\/thumbnail_IMG_6569.jpg\"><img loading=\"lazy\" decoding=\"async\" width=\"320\" height=\"235\" src=\"https:\/\/igbce-marburg.de\/wp-content\/uploads\/2025\/06\/thumbnail_IMG_6569.jpg\" alt=\"\" class=\"wp-image-2687\" srcset=\"https:\/\/igbce-marburg.de\/wp-content\/uploads\/2025\/06\/thumbnail_IMG_6569.jpg 320w, https:\/\/igbce-marburg.de\/wp-content\/uploads\/2025\/06\/thumbnail_IMG_6569-300x220.jpg 300w\" sizes=\"auto, (max-width: 320px) 100vw, 320px\" \/><\/a><\/figure>\n\n\n\n<p>Es war ein toller Tag, wir hatten super Wetter und f\u00fcr Getr\u00e4nke und Essen hat der Vorstand der Ortsgruppe Marburg bestens gesorgt.<\/p>\n\n\n\n<p>Neben Informationen und vielen guten Gespr\u00e4chen rund um Gewerkschaft, hatten die Kinder im Abenteuerland viel Spa\u00df.<\/p>\n\n\n\n<p>Es ist der Ortsgruppe Marburg wichtig allen Mitgliedern gerecht zu werden und altersentsprechende Angebote anzubieten.<\/p>\n\n\n\n<p><\/p>\n\n\n\n<p><strong>Auf den Spuren &nbsp; Emil von Behrings<\/strong><\/p>\n\n\n\n<p>Gemeinsam mit unseren Mitgliedern hat die <strong>IGBCE Ortsgruppe Marburg drei gef\u00fchrte Wanderungen<\/strong> (25., 26. und 30. 05.2025) mit Frau Dr. Langenberg durchgef\u00fchrt.<\/p>\n\n\n\n<p>Die freiberufliche Historikerin&nbsp;Dr. Julia Langenberg<br \/>studierte Geschichte, Germanistik und Anglistik in Mainz und Dijon\/Frankreich.<\/p>\n\n\n\n<p>Sie war f\u00fcr verschiedene Kulturprojekte und f\u00fcr eine Frankfurter Bank im Rhein-Main-Gebiet t\u00e4tig. An der Philipps-Universit\u00e4t Marburg hat sie sich in der Lehre und in der Forschung engagiert und promovierte \u00fcber die Marburger Behringwerke in der Weimarer Republik.<\/p>\n\n\n\n<p>Auch an der VHS der Universit\u00e4tsstadt Marburg hat sie Kurse im Fach Geschichte geleitet. Seit 2009 bietet sie Stadtf\u00fchrungen in Marburg an, insbesondere auf den Spuren Emil von Behrings. Sie lebt mit ihrer Familie in Marburg.<\/p>\n\n\n\n<p>Der Arzt und Forscher Emil von Behring (1854\u20131917) entwickelte ein auf dem Prinzip der passiven Immunisierung beruhendes Impfverfahren gegen gef\u00e4hrliche Infektionskrankheiten von Menschen und Tieren (Diphtherie, Tetanus, Rindertuberkulose und Schweinepest). Innovativ waren sowohl die Serumtherapie selbst sowie das Produktionsprinzip: Gewinnung von Gegengiften aus dem Blut lebender Tiere, insbesondere von Pferden. Der Wissenschaftler und Nobelpreistr\u00e4ger f\u00fcr Medizin, der sich auch in der Kommunalpolitik engagierte, lebte gerne mit seiner Familie in Marburg.<\/p>\n\n\n\n<p>In seiner eigenen Firma, den <strong>Behringwerken<\/strong>, stellte Behring Sera und Impfstoffe industriell her. Das Unternehmen entwickelte sich zu einem gro\u00dfen und wichtigen internationalen Standort der pharmazeutischen Industrie und ist heute mit mehreren Nachfolgefirmen in Marburg pr\u00e4sent.<\/p>\n\n\n\n<p>Wie hat das Wirken und Arbeiten den Alltag in Marburg ver\u00e4ndert und was bedeutet dies f\u00fcr die Menschen in Marburg und Umgebung? Auch diese Fragen wurden bei der F\u00fchrung mit Frau Dr. Langenberg beantwortet, jede F\u00fchrung hatte seinen eigenen Schwerpunkt. Alle Teilnehmerinnen und Teilnehmer haben bei einer kleinen Pause mit Getr\u00e4nk und Snacks, Antworten auf ihre Fragen erhalten. Es waren drei Informative und wundersch\u00f6ne Touren die wir bei herrlichem Wetter genie\u00dfen durften.<\/p>\n\n\n\n<figure class=\"wp-block-image size-full is-resized\"><a href=\"https:\/\/igbce-marburg.de\/wp-content\/uploads\/2025\/06\/Unbenannt.jpg\"><img loading=\"lazy\" decoding=\"async\" width=\"1152\" height=\"648\" src=\"https:\/\/igbce-marburg.de\/wp-content\/uploads\/2025\/06\/Unbenannt.jpg\" alt=\"\" class=\"wp-image-2674\" style=\"width:633px;height:auto\" srcset=\"https:\/\/igbce-marburg.de\/wp-content\/uploads\/2025\/06\/Unbenannt.jpg 1152w, https:\/\/igbce-marburg.de\/wp-content\/uploads\/2025\/06\/Unbenannt-300x169.jpg 300w, https:\/\/igbce-marburg.de\/wp-content\/uploads\/2025\/06\/Unbenannt-1024x576.jpg 1024w, https:\/\/igbce-marburg.de\/wp-content\/uploads\/2025\/06\/Unbenannt-768x432.jpg 768w\" sizes=\"auto, (max-width: 1152px) 100vw, 1152px\" \/><\/a><\/figure>\n\n\n\n<p class=\"has-text-align-left\"><strong>Am 02. M\u00e4rz 2025 hatte die Ortsgruppe Marburg zur Mitgliederversammlung im \u201eHotel Welcome in Marburg\u201c eingeladen.<\/strong><br \/>Nach einem leckeren Fr\u00fchst\u00fccksbuffet gab die Vorsitzende <em>(Renate Wick)<\/em> einen R\u00fcckblick \u00fcber die Aktivit\u00e4ten und die Unterst\u00fctzungsma\u00dfnahmen vom letzten Jahr. Auch die geplanten Aktivit\u00e4ten f\u00fcr 2025 wurden vorgestellt.<\/p>\n\n\n\n<p>Dieter Merte stellte den Kassenbericht von 2024 vor, der durch die Revisoren gepr\u00fcft und f\u00fcr korrekt erkl\u00e4rt worden war. <\/p>\n\n\n\n<p>Michael Wolff beantragte die Entlastung des Vorstandes, welchem einstimmig zugestimmt wurde.<\/p>\n\n\n\n<p>Alle Anwesenden waren vom Vortrag<strong> \u201eDas Leben am Ende selbst bestimmen\u201c <\/strong>begeistert und die Referentin Anne Katrin Olischl\u00e4ger konnten noch viele Fragen zu den Themen  <\/p>\n\n\n\n<figure class=\"wp-block-image size-full is-resized\"><a href=\"https:\/\/igbce-marburg.de\/wp-content\/uploads\/2025\/03\/Vorsorge.jpg\"><img loading=\"lazy\" decoding=\"async\" width=\"551\" height=\"256\" src=\"https:\/\/igbce-marburg.de\/wp-content\/uploads\/2025\/03\/Vorsorge.jpg\" alt=\"\" class=\"wp-image-2601\" style=\"width:402px;height:auto\" srcset=\"https:\/\/igbce-marburg.de\/wp-content\/uploads\/2025\/03\/Vorsorge.jpg 551w, https:\/\/igbce-marburg.de\/wp-content\/uploads\/2025\/03\/Vorsorge-300x139.jpg 300w\" sizes=\"auto, (max-width: 551px) 100vw, 551px\" \/><\/a><\/figure>\n\n\n\n<p>beantworten.<\/p>\n\n\n\n<p>Wie angek\u00fcndigt m\u00f6chten wir Euch die Links von Anne Katrin Olischl\u00e4ger hier zur Verf\u00fcgung stellen.<\/p>\n\n\n\n<p>Wichtig Mappe: <a href=\"https:\/\/familie.hessen.de\/seniorinnen-und-senioren\/wichtig-mappe\">https:\/\/familie.hessen.de\/seniorinnen-und-senioren\/wichtig-mappe<\/a><\/p>\n\n\n\n<p><a href=\"https:\/\/www.verbraucherzentrale.de\/patientenverfuegung-online\">https:\/\/www.verbraucherzentrale.de\/patientenverfuegung-online<\/a><\/p>\n\n\n\n<p><a href=\"https:\/\/betreuungsrecht.hessen.de\/rechtliche-betreuung-1\">https:\/\/betreuungsrecht.hessen.de\/rechtliche-betreuung-1<\/a><\/p>\n\n\n\n<p><a href=\"https:\/\/www.justiz.bayern.de\/service\/broschueren\">https:\/\/www.justiz.bayern.de\/service\/broschueren<\/a><\/p>\n\n\n\n<p>Unter =&gt; Vorsorge und Betreuung, k\u00f6nnen folgende Brosch\u00fcren herunterladen werden.<\/p>\n\n\n\n<figure class=\"wp-block-image size-full is-resized\"><a href=\"https:\/\/igbce-marburg.de\/wp-content\/uploads\/2025\/03\/image.png\"><img loading=\"lazy\" decoding=\"async\" width=\"611\" height=\"558\" src=\"https:\/\/igbce-marburg.de\/wp-content\/uploads\/2025\/03\/image.png\" alt=\"\" class=\"wp-image-2595\" style=\"width:368px;height:auto\" srcset=\"https:\/\/igbce-marburg.de\/wp-content\/uploads\/2025\/03\/image.png 611w, https:\/\/igbce-marburg.de\/wp-content\/uploads\/2025\/03\/image-300x274.png 300w\" sizes=\"auto, (max-width: 611px) 100vw, 611px\" \/><\/a><\/figure>\n\n\n\n<p><\/p>\n\n\n\n<p>Unsere Wanderung vom <em>28. September<\/em> 2024<\/p>\n\n\n<div class=\"wp-block-image\">\n<figure class=\"alignleft size-full is-resized\"><a href=\"https:\/\/igbce-marburg.de\/wp-content\/uploads\/2025\/02\/WanderungDW2024-3.jpg\"><img loading=\"lazy\" decoding=\"async\" width=\"270\" height=\"480\" src=\"https:\/\/igbce-marburg.de\/wp-content\/uploads\/2025\/02\/WanderungDW2024-3.jpg\" alt=\"\" class=\"wp-image-2584\" style=\"width:166px;height:auto\" srcset=\"https:\/\/igbce-marburg.de\/wp-content\/uploads\/2025\/02\/WanderungDW2024-3.jpg 270w, https:\/\/igbce-marburg.de\/wp-content\/uploads\/2025\/02\/WanderungDW2024-3-169x300.jpg 169w\" sizes=\"auto, (max-width: 270px) 100vw, 270px\" \/><\/a><\/figure><\/div>\n\n<div class=\"wp-block-image\">\n<figure class=\"alignright size-full is-resized\"><a href=\"https:\/\/igbce-marburg.de\/wp-content\/uploads\/2025\/02\/WanderungDietrich2024-2.jpg\"><img loading=\"lazy\" decoding=\"async\" width=\"270\" height=\"480\" src=\"https:\/\/igbce-marburg.de\/wp-content\/uploads\/2025\/02\/WanderungDietrich2024-2.jpg\" alt=\"\" class=\"wp-image-2580\" style=\"width:164px;height:auto\" srcset=\"https:\/\/igbce-marburg.de\/wp-content\/uploads\/2025\/02\/WanderungDietrich2024-2.jpg 270w, https:\/\/igbce-marburg.de\/wp-content\/uploads\/2025\/02\/WanderungDietrich2024-2-169x300.jpg 169w\" sizes=\"auto, (max-width: 270px) 100vw, 270px\" \/><\/a><\/figure><\/div>\n\n\n<p><a href=\"https:\/\/igbce-marburg.de\/wp-content\/uploads\/2025\/02\/WanderungDietrich2024-1.jpg\"><\/a><a href=\"https:\/\/igbce-marburg.de\/wp-content\/uploads\/2025\/02\/WanderungDW2024-1.jpg\"><\/a><\/p>\n\n\n\n<p>Es war ein wundersch\u00f6ner, sonniger Herbsttag als wir den Lahn H\u00f6henweg \u00fcberquerten.<\/p>\n\n\n\n<p>Wir sind von Bad Endbach \u00fcber G\u00fcnterod , Hartenrod und wieder zur\u00fcck gewandert. Die herrliche Aussicht und zum Abschluss ein leckeres Essen im Restaurant &#8220;ferron&#8221; haben den Tag wunderbar abgerundet.&nbsp;<\/p>\n\n\n\n<p><\/p>\n","protected":false},"excerpt":{"rendered":"<p>Weihnachts-Dampfzugfahrt nach Aschaffenburg Am 20. Dezember 2025 startete die IGBCE Ortsgruppe Marburg um 7:50 Uhr vom Gleis 4 am Marburger Hauptbahnhof zu einer besonderen Weihnachtsfahrt. Mit dem Weihnachts-Dampfzug ging es auf eine nostalgische Reise zum Weihnachtsmarkt nach Aschaffenburg. Gezogen wurde <a class=\"more-link\" href=\"https:\/\/igbce-marburg.de\/?page_id=1136\">weiterlesen  <span class=\"screen-reader-text\">  Veranstaltungs R\u00fcckblicke<\/span><span class=\"meta-nav\">&rarr;<\/span><\/a><\/p>\n","protected":false},"author":3811,"featured_media":821,"parent":0,"menu_order":0,"comment_status":"closed","ping_status":"closed","template":"","meta":{"footnotes":""},"class_list":["post-1136","page","type-page","status-publish","has-post-thumbnail","hentry"],"_links":{"self":[{"href":"https:\/\/igbce-marburg.de\/index.php?rest_route=\/wp\/v2\/pages\/1136","targetHints":{"allow":["GET"]}}],"collection":[{"href":"https:\/\/igbce-marburg.de\/index.php?rest_route=\/wp\/v2\/pages"}],"about":[{"href":"https:\/\/igbce-marburg.de\/index.php?rest_route=\/wp\/v2\/types\/page"}],"author":[{"embeddable":true,"href":"https:\/\/igbce-marburg.de\/index.php?rest_route=\/wp\/v2\/users\/3811"}],"replies":[{"embeddable":true,"href":"https:\/\/igbce-marburg.de\/index.php?rest_route=%2Fwp%2Fv2%2Fcomments&post=1136"}],"version-history":[{"count":52,"href":"https:\/\/igbce-marburg.de\/index.php?rest_route=\/wp\/v2\/pages\/1136\/revisions"}],"predecessor-version":[{"id":2755,"href":"https:\/\/igbce-marburg.de\/index.php?rest_route=\/wp\/v2\/pages\/1136\/revisions\/2755"}],"wp:featuredmedia":[{"embeddable":true,"href":"https:\/\/igbce-marburg.de\/index.php?rest_route=\/wp\/v2\/media\/821"}],"wp:attachment":[{"href":"https:\/\/igbce-marburg.de\/index.php?rest_route=%2Fwp%2Fv2%2Fmedia&parent=1136"}],"curies":[{"name":"wp","href":"https:\/\/api.w.org\/{rel}","templated":true}]}}