
{"id":1624,"date":"2018-03-25T11:14:58","date_gmt":"2018-03-25T09:14:58","guid":{"rendered":"http:\/\/igbce-marburg.de\/?page_id=1624"},"modified":"2025-02-27T11:58:59","modified_gmt":"2025-02-27T10:58:59","slug":"mitgliederversammlungen-brunch","status":"publish","type":"page","link":"https:\/\/igbce-marburg.de\/?page_id=1624","title":{"rendered":"Veranstaltungsplan 2025 der IG BCE Ortsgruppe Marburg"},"content":{"rendered":"\n<ol class=\"wp-block-list\" start=\"2\">\n<li><strong> M\u00e4rz <\/strong> => Vortrag im Welcome Hotel (inkl. Fr\u00fchst\u00fcck) zum Thema \u201ePatientenverf\u00fcgung\u201c<\/li>\n<\/ol>\n\n\n\n<p>Referentin Anne Katrin Olischl\u00e4ger (Rechtsanw\u00e4ltin) + Einf\u00fchrung zur Anwendung unserer Homepage<\/p>\n\n\n\n<p><strong>25 + 26. April<\/strong> => Emil von Behring Wanderung F\u00fchrung mit Dr. Julia Langenberg<\/p>\n\n\n\n<p><strong> 25.04.<\/strong> Diese kurze F\u00fchrung (<strong>2 Stunden<\/strong>) f\u00fchrt Sie durch die Marburger Innenstadt.<\/p>\n\n\n\n<ol class=\"wp-block-list\" start=\"25\"><\/ol>\n\n\n\n<p>Treffpunkt: Hauptbahnhof, Ende: Wilhelm-Roser-Stra\u00dfe 2 (Behring-Villa).<\/p>\n\n\n\n<p>Auf\u00a0ebenen Wegen folgen Sie Behrings Spuren durch Marburg.<\/p>\n\n\n\n<p><strong>26.04.<\/strong> Die lange F\u00fchrung (<strong>4 Stunden<\/strong>) folgt der gesamten Behring-Route.<\/p>\n\n\n\n<ol class=\"wp-block-list\" start=\"26\"><\/ol>\n\n\n\n<p>Treffpunkt: Hauptbahnhof, Ende: Gisonenweg (Schlo\u00dfpark).<\/p>\n\n\n\n<p>Es erwarten Sie herrliche Ausblicke \u00fcber Marburg mit einigen Steigungen und viele interessante Informationen \u00fcber Emil von Behring und die Geschichte Marburgs.<\/p>\n\n\n\n<ol class=\"wp-block-list\">\n<li> <strong>Mai <\/strong>   => Gewerkschaftliche Aktion in Marburg zum Tag der Arbeit<\/li>\n\n\n\n<li><strong> Juni<\/strong> => Fahrradtour auf den Bahntrassen durch den Vogelsberg \u201eVulkanradweg\u201c mit einem Besuch im Keltenmuseum<\/li>\n\n\n\n<li><strong> Juni<\/strong>  => Familienausflug zum Freizeitpark \u201eFort Fun\u201c<\/li>\n<\/ol>\n\n\n\n<p><strong>September in Planung<\/strong>&nbsp;&nbsp;&nbsp;&nbsp;&nbsp;&nbsp;&nbsp;&nbsp;&nbsp; =&gt; Mehrtagesfahrt Trier + Luxemburg<\/p>\n\n\n\n<ol class=\"wp-block-list\" start=\"11\">\n<li><strong> Oktober <\/strong>=> Wanderung in der Region<\/li>\n<\/ol>\n\n\n\n<p><strong>&nbsp;&nbsp;&nbsp;&nbsp;&nbsp;&nbsp;&nbsp;&nbsp;&nbsp;&nbsp;&nbsp;&nbsp;&nbsp;&nbsp;&nbsp;&nbsp;&nbsp;&nbsp;&nbsp;&nbsp;&nbsp;&nbsp;&nbsp;&nbsp;&nbsp;&nbsp;&nbsp;&nbsp;&nbsp;&nbsp;&nbsp;&nbsp;&nbsp;&nbsp; <\/strong>Von Bad Endbach \u00fcber G\u00fcnterod zu den Wilhelmsteinen<\/p>\n\n\n\n<ol class=\"wp-block-list\" start=\"22\">\n<li><strong> November<\/strong> => Weihnachtsfeier mit Jubilarehrung,<\/li>\n<\/ol>\n\n\n\n<p>mit Geschichten von Andrea C. Ortolano<\/p>\n\n\n\n<p><strong>&nbsp;&nbsp;&nbsp;&nbsp;&nbsp;&nbsp;&nbsp;&nbsp;&nbsp;&nbsp;&nbsp;&nbsp;&nbsp;&nbsp;&nbsp;&nbsp;&nbsp;&nbsp;&nbsp;&nbsp;&nbsp;&nbsp;&nbsp;&nbsp;&nbsp;&nbsp;&nbsp;&nbsp;&nbsp;&nbsp;&nbsp;&nbsp;&nbsp;&nbsp; im Lisoletta<\/strong><\/p>\n\n\n\n<ol class=\"wp-block-list\" start=\"6\">\n<li><strong> Dezember<\/strong> => Fahrt zum Weihnachtsmarkt<\/li>\n<\/ol>\n\n\n\n<p>&nbsp;&nbsp;&nbsp;&nbsp;&nbsp;&nbsp;&nbsp;&nbsp;&nbsp;&nbsp;&nbsp;&nbsp;&nbsp;&nbsp;&nbsp;&nbsp;&nbsp;&nbsp;&nbsp;&nbsp;&nbsp;&nbsp;&nbsp;&nbsp;&nbsp;&nbsp;&nbsp;&nbsp;&nbsp;&nbsp;&nbsp;&nbsp;&nbsp;&nbsp; Mit der Treysa Dampflock nach Aschaffenburg<\/p>\n","protected":false},"excerpt":{"rendered":"<p>Referentin Anne Katrin Olischl\u00e4ger (Rechtsanw\u00e4ltin) + Einf\u00fchrung zur Anwendung unserer Homepage 25 + 26. April => Emil von Behring Wanderung F\u00fchrung mit Dr. Julia Langenberg 25.04. Diese kurze F\u00fchrung (2 Stunden) f\u00fchrt Sie durch die Marburger Innenstadt. Treffpunkt: Hauptbahnhof, Ende: <a class=\"more-link\" href=\"https:\/\/igbce-marburg.de\/?page_id=1624\">weiterlesen  <span class=\"screen-reader-text\">  Veranstaltungsplan 2025 der IG BCE Ortsgruppe Marburg<\/span><span class=\"meta-nav\">&rarr;<\/span><\/a><\/p>\n","protected":false},"author":438,"featured_media":0,"parent":794,"menu_order":5,"comment_status":"closed","ping_status":"closed","template":"","meta":{"footnotes":""},"class_list":["post-1624","page","type-page","status-publish","hentry"],"_links":{"self":[{"href":"https:\/\/igbce-marburg.de\/index.php?rest_route=\/wp\/v2\/pages\/1624","targetHints":{"allow":["GET"]}}],"collection":[{"href":"https:\/\/igbce-marburg.de\/index.php?rest_route=\/wp\/v2\/pages"}],"about":[{"href":"https:\/\/igbce-marburg.de\/index.php?rest_route=\/wp\/v2\/types\/page"}],"author":[{"embeddable":true,"href":"https:\/\/igbce-marburg.de\/index.php?rest_route=\/wp\/v2\/users\/438"}],"replies":[{"embeddable":true,"href":"https:\/\/igbce-marburg.de\/index.php?rest_route=%2Fwp%2Fv2%2Fcomments&post=1624"}],"version-history":[{"count":4,"href":"https:\/\/igbce-marburg.de\/index.php?rest_route=\/wp\/v2\/pages\/1624\/revisions"}],"predecessor-version":[{"id":2589,"href":"https:\/\/igbce-marburg.de\/index.php?rest_route=\/wp\/v2\/pages\/1624\/revisions\/2589"}],"up":[{"embeddable":true,"href":"https:\/\/igbce-marburg.de\/index.php?rest_route=\/wp\/v2\/pages\/794"}],"wp:attachment":[{"href":"https:\/\/igbce-marburg.de\/index.php?rest_route=%2Fwp%2Fv2%2Fmedia&parent=1624"}],"curies":[{"name":"wp","href":"https:\/\/api.w.org\/{rel}","templated":true}]}}

<ol class="wp-block-list" start="2">
<li><strong> März </strong> => Vortrag im Welcome Hotel (inkl. Frühstück) zum Thema „Patientenverfügung“</li>
</ol>



<p>Referentin Anne Katrin Olischläger (Rechtsanwältin) + Einführung zur Anwendung unserer Homepage</p>



<p><strong>25 + 26. April</strong> => Emil von Behring Wanderung Führung mit Dr. Julia Langenberg</p>



<p><strong> 25.04.</strong> Diese kurze Führung (<strong>2 Stunden</strong>) führt Sie durch die Marburger Innenstadt.</p>



<ol class="wp-block-list" start="25"></ol>



<p>Treffpunkt: Hauptbahnhof, Ende: Wilhelm-Roser-Straße 2 (Behring-Villa).</p>



<p>Auf ebenen Wegen folgen Sie Behrings Spuren durch Marburg.</p>



<p><strong>26.04.</strong> Die lange Führung (<strong>4 Stunden</strong>) folgt der gesamten Behring-Route.</p>



<ol class="wp-block-list" start="26"></ol>



<p>Treffpunkt: Hauptbahnhof, Ende: Gisonenweg (Schloßpark).</p>



<p>Es erwarten Sie herrliche Ausblicke über Marburg mit einigen Steigungen und viele interessante Informationen über Emil von Behring und die Geschichte Marburgs.</p>



<ol class="wp-block-list">
<li> <strong>Mai </strong>   => Gewerkschaftliche Aktion in Marburg zum Tag der Arbeit</li>



<li><strong> Juni</strong> => Fahrradtour auf den Bahntrassen durch den Vogelsberg „Vulkanradweg“ mit einem Besuch im Keltenmuseum</li>



<li><strong> Juni</strong>  => Familienausflug zum Freizeitpark „Fort Fun“</li>
</ol>



<p><strong>September in Planung</strong>&nbsp;&nbsp;&nbsp;&nbsp;&nbsp;&nbsp;&nbsp;&nbsp;&nbsp; =&gt; Mehrtagesfahrt Trier + Luxemburg</p>



<ol class="wp-block-list" start="11">
<li><strong> Oktober </strong>=> Wanderung in der Region</li>
</ol>



<p><strong>&nbsp;&nbsp;&nbsp;&nbsp;&nbsp;&nbsp;&nbsp;&nbsp;&nbsp;&nbsp;&nbsp;&nbsp;&nbsp;&nbsp;&nbsp;&nbsp;&nbsp;&nbsp;&nbsp;&nbsp;&nbsp;&nbsp;&nbsp;&nbsp;&nbsp;&nbsp;&nbsp;&nbsp;&nbsp;&nbsp;&nbsp;&nbsp;&nbsp;&nbsp; </strong>Von Bad Endbach über Günterod zu den Wilhelmsteinen</p>



<ol class="wp-block-list" start="22">
<li><strong> November</strong> => Weihnachtsfeier mit Jubilarehrung,</li>
</ol>



<p>mit Geschichten von Andrea C. Ortolano</p>



<p><strong>&nbsp;&nbsp;&nbsp;&nbsp;&nbsp;&nbsp;&nbsp;&nbsp;&nbsp;&nbsp;&nbsp;&nbsp;&nbsp;&nbsp;&nbsp;&nbsp;&nbsp;&nbsp;&nbsp;&nbsp;&nbsp;&nbsp;&nbsp;&nbsp;&nbsp;&nbsp;&nbsp;&nbsp;&nbsp;&nbsp;&nbsp;&nbsp;&nbsp;&nbsp; im Lisoletta</strong></p>



<ol class="wp-block-list" start="6">
<li><strong> Dezember</strong> => Fahrt zum Weihnachtsmarkt</li>
</ol>



<p>&nbsp;&nbsp;&nbsp;&nbsp;&nbsp;&nbsp;&nbsp;&nbsp;&nbsp;&nbsp;&nbsp;&nbsp;&nbsp;&nbsp;&nbsp;&nbsp;&nbsp;&nbsp;&nbsp;&nbsp;&nbsp;&nbsp;&nbsp;&nbsp;&nbsp;&nbsp;&nbsp;&nbsp;&nbsp;&nbsp;&nbsp;&nbsp;&nbsp;&nbsp; Mit der Treysa Dampflock nach Aschaffenburg</p>

<p>Referentin Anne Katrin Olischläger (Rechtsanwältin) + Einführung zur Anwendung unserer Homepage 25 + 26. April => Emil von Behring Wanderung Führung mit Dr. Julia Langenberg 25.04. Diese kurze Führung (2 Stunden) führt Sie durch die Marburger Innenstadt. Treffpunkt: Hauptbahnhof, Ende: <a class="more-link" href="https://igbce-marburg.de/?page_id=1624">weiterlesen  <span class="screen-reader-text">  Veranstaltungsplan 2025 der IG BCE Ortsgruppe Marburg</span><span class="meta-nav">&rarr;</span></a></p>
