
{"id":64,"date":"2012-10-11T10:16:33","date_gmt":"2012-10-11T08:16:33","guid":{"rendered":"http:\/\/test.igbce-marburg.de\/?page_id=64"},"modified":"2026-02-26T20:36:28","modified_gmt":"2026-02-26T19:36:28","slug":"willkommen","status":"publish","type":"page","link":"https:\/\/igbce-marburg.de\/","title":{"rendered":"Willkommen"},"content":{"rendered":"\n<figure class=\"wp-block-image size-full\"><a href=\"https:\/\/igbce-marburg.de\/wp-content\/uploads\/2026\/02\/Kundgebung_04MAeR2026_1.jpg\"><img loading=\"lazy\" decoding=\"async\" width=\"562\" height=\"793\" src=\"https:\/\/igbce-marburg.de\/wp-content\/uploads\/2026\/02\/Kundgebung_04MAeR2026_1.jpg\" alt=\"\" class=\"wp-image-2778\" srcset=\"https:\/\/igbce-marburg.de\/wp-content\/uploads\/2026\/02\/Kundgebung_04MAeR2026_1.jpg 562w, https:\/\/igbce-marburg.de\/wp-content\/uploads\/2026\/02\/Kundgebung_04MAeR2026_1-213x300.jpg 213w\" sizes=\"auto, (max-width: 562px) 100vw, 562px\" \/><\/a><\/figure>\n\n\n\n<p class=\"has-text-align-center has-large-font-size\"><\/p>\n\n\n\n<figure class=\"wp-block-image size-full\"><a href=\"https:\/\/igbce-marburg.de\/wp-content\/uploads\/2026\/02\/Kundgebung_04MAeR2026_2.jpg\"><img loading=\"lazy\" decoding=\"async\" width=\"555\" height=\"792\" src=\"https:\/\/igbce-marburg.de\/wp-content\/uploads\/2026\/02\/Kundgebung_04MAeR2026_2.jpg\" alt=\"\" class=\"wp-image-2779\" srcset=\"https:\/\/igbce-marburg.de\/wp-content\/uploads\/2026\/02\/Kundgebung_04MAeR2026_2.jpg 555w, https:\/\/igbce-marburg.de\/wp-content\/uploads\/2026\/02\/Kundgebung_04MAeR2026_2-210x300.jpg 210w\" sizes=\"auto, (max-width: 555px) 100vw, 555px\" \/><\/a><\/figure>\n\n\n\n<p class=\"has-text-align-center\"><\/p>\n\n\n\n<p><strong>Du bist neu <\/strong>in der <strong>IG BCE<\/strong> und m\u00f6chtest dich \u00fcber Gewerkschaft und deren Struktur informieren?<\/p>\n\n\n\n<p>Wir sind die Ortsgruppe Marburg, dein IGBCE Ansprechpartner in deiner Region.<\/p>\n\n\n\n<p>Mitglieder einer IG BCE Ortsgruppe sind alle <a>Kolleginnen und Kollegen <\/a>der IG BCE, die im jeweiligen Einzugsbereich der Ortsgruppe ihren Wohnsitz haben, unabh\u00e4ngig davon, ob oder wo sie besch\u00e4ftigt sind.<\/p>\n\n\n\n<p>Unsere Ortsgruppe arbeitet eng mit dem IG BCE Bezirk Mittelhessen zusammen und die Arbeit an der Basis geh\u00f6rt zu den Kernst\u00fccken gewerkschaftlichen Engagements.<\/p>\n\n\n\n<p>Im Laufe des Jahres wirst Du von uns Einladungen zu unseren Veranstaltungen erhalten. Wir w\u00fcrden uns freuen, dich pers\u00f6nlich kennenzulernen.<\/p>\n\n\n\n<p>Wenn Du Fragen hast, wende dich an deine Ortsgruppe Marburg.<\/p>\n\n\n\n<p>Mail: <a href=\"mailto:OGMAR@web.de\">OGMAR@web.de<\/a>&nbsp;&nbsp;&nbsp;&nbsp;&nbsp;&nbsp;&nbsp;&nbsp;&nbsp;&nbsp;&nbsp;&nbsp;&nbsp;&nbsp;&nbsp;&nbsp;&nbsp;&nbsp;&nbsp;&nbsp;&nbsp;&nbsp;&nbsp;&nbsp;&nbsp;&nbsp;&nbsp;&nbsp;&nbsp;&nbsp;&nbsp;&nbsp;&nbsp;&nbsp;&nbsp;&nbsp;&nbsp;&nbsp;&nbsp;&nbsp;&nbsp;&nbsp;&nbsp;&nbsp;&nbsp;&nbsp;&nbsp;&nbsp;&nbsp;&nbsp;&nbsp;&nbsp;&nbsp;&nbsp;&nbsp;&nbsp;&nbsp;&nbsp;&nbsp;&nbsp;&nbsp;&nbsp;&nbsp;&nbsp;&nbsp;&nbsp;&nbsp;&nbsp;&nbsp;&nbsp;&nbsp;&nbsp;&nbsp;&nbsp;&nbsp;&nbsp;&nbsp;&nbsp;&nbsp;&nbsp;&nbsp;&nbsp;&nbsp;&nbsp;&nbsp;&nbsp;&nbsp;&nbsp;&nbsp;&nbsp;<\/p>\n\n\n\n<p>Telephone: +49 151 70835409<\/p>\n\n\n\n<figure class=\"wp-block-image size-full is-resized\"><a href=\"https:\/\/igbce-marburg.de\/wp-content\/uploads\/2025\/02\/image-1.png\"><img loading=\"lazy\" decoding=\"async\" width=\"463\" height=\"489\" src=\"https:\/\/igbce-marburg.de\/wp-content\/uploads\/2025\/02\/image-1.png\" alt=\"\" class=\"wp-image-2567\" style=\"width:193px;height:auto\" srcset=\"https:\/\/igbce-marburg.de\/wp-content\/uploads\/2025\/02\/image-1.png 463w, https:\/\/igbce-marburg.de\/wp-content\/uploads\/2025\/02\/image-1-284x300.png 284w\" sizes=\"auto, (max-width: 463px) 100vw, 463px\" \/><\/a><\/figure>\n\n\n\n<p><\/p>\n\n\n\n<p><strong><span class=\"tm7\">Ortsgruppe<\/span> Marburg<\/strong><\/p>\n\n\n\n<p><span class=\"tm8\">Am 21. Juni 2024 wurde ein neuer Vorstand der IGBCE Ortsgruppe Marburg gew\u00e4hlt:<\/span><\/p>\n\n\n\n<figure class=\"wp-block-image size-full\"><a href=\"https:\/\/igbce-marburg.de\/wp-content\/uploads\/2024\/07\/Vorstand_2024_.jpg\"><img loading=\"lazy\" decoding=\"async\" width=\"807\" height=\"605\" src=\"https:\/\/igbce-marburg.de\/wp-content\/uploads\/2024\/07\/Vorstand_2024_.jpg\" alt=\"\" class=\"wp-image-2415\" srcset=\"https:\/\/igbce-marburg.de\/wp-content\/uploads\/2024\/07\/Vorstand_2024_.jpg 807w, https:\/\/igbce-marburg.de\/wp-content\/uploads\/2024\/07\/Vorstand_2024_-300x225.jpg 300w, https:\/\/igbce-marburg.de\/wp-content\/uploads\/2024\/07\/Vorstand_2024_-768x576.jpg 768w\" sizes=\"auto, (max-width: 807px) 100vw, 807px\" \/><\/a><\/figure>\n\n\n\n<figure class=\"wp-block-image size-full\"><a href=\"https:\/\/igbce-marburg.de\/wp-content\/uploads\/2025\/05\/Vorstand_2025.gif\"><img loading=\"lazy\" decoding=\"async\" width=\"347\" height=\"428\" src=\"https:\/\/igbce-marburg.de\/wp-content\/uploads\/2025\/05\/Vorstand_2025.gif\" alt=\"\" class=\"wp-image-2666\"\/><\/a><\/figure>\n\n\n\n<p><span class=\"tm6\">Die n\u00e4chsten regul\u00e4ren Vorstandswahlen stehen 2028 an.<\/span><\/p>\n\n\n\n<p><strong><em><span class=\"tm6\">Wir brauchen eure Unterst\u00fctzung!<\/span><\/em><\/strong><\/p>\n\n\n<div class=\"wp-block-image\">\n<figure class=\"aligncenter\"><a href=\"https:\/\/igbce-marburg.de\/wp-content\/uploads\/2023\/01\/OG.gif\"><img loading=\"lazy\" decoding=\"async\" width=\"1024\" height=\"469\" src=\"https:\/\/igbce-marburg.de\/wp-content\/uploads\/2023\/01\/OG-1024x469.gif\" alt=\"\" class=\"wp-image-2235\" srcset=\"https:\/\/igbce-marburg.de\/wp-content\/uploads\/2023\/01\/OG-1024x469.gif 1024w, https:\/\/igbce-marburg.de\/wp-content\/uploads\/2023\/01\/OG-300x137.gif 300w, https:\/\/igbce-marburg.de\/wp-content\/uploads\/2023\/01\/OG-768x352.gif 768w\" sizes=\"auto, (max-width: 1024px) 100vw, 1024px\" \/><\/a><\/figure><\/div>\n\n\n<p><span class=\"tm6\">Wenn ihr uns unterst\u00fctzen und mitarbeiten m\u00f6chtet, seid ihr herzlich eingeladen. Diese Mitarbeit muss nicht unbedingt an eine gew\u00e4hlte Rolle im Vorstand gebunden sein, wir k\u00f6nnen uns auch themenbezogene Arbeitsgruppen vorstellen, die von Interessierten gebildet werden, die schnell und direkt agieren und unsere Ziele nach au\u00dfen vertreten.<\/span><\/p>\n\n\n\n<p><strong><em><span class=\"tm9\">Nichts muss &#8211; Alles kann!<\/span><\/em><\/strong><\/p>\n\n\n\n<hr class=\"wp-block-separator has-alpha-channel-opacity\"\/>\n\n\n\n<p><em><a href=\"https:\/\/mittelhessen.igbce.de\/datenschutzerklaerung\/46232\" target=\"_blank\" rel=\"noopener noreferrer\">IG BCE Datenschutzerkl\u00e4rung<\/a><\/em><\/p>\n\n\n\n<p><\/p>\n","protected":false},"excerpt":{"rendered":"<p>Du bist neu in der IG BCE und m\u00f6chtest dich \u00fcber Gewerkschaft und deren Struktur informieren? Wir sind die Ortsgruppe Marburg, dein IGBCE Ansprechpartner in deiner Region. Mitglieder einer IG BCE Ortsgruppe sind alle Kolleginnen und Kollegen der IG BCE, <a class=\"more-link\" href=\"https:\/\/igbce-marburg.de\/\">weiterlesen  <span class=\"screen-reader-text\">  Willkommen<\/span><span class=\"meta-nav\">&rarr;<\/span><\/a><\/p>\n","protected":false},"author":3550,"featured_media":0,"parent":0,"menu_order":0,"comment_status":"closed","ping_status":"closed","template":"","meta":{"footnotes":""},"class_list":["post-64","page","type-page","status-publish","hentry"],"_links":{"self":[{"href":"https:\/\/igbce-marburg.de\/index.php?rest_route=\/wp\/v2\/pages\/64","targetHints":{"allow":["GET"]}}],"collection":[{"href":"https:\/\/igbce-marburg.de\/index.php?rest_route=\/wp\/v2\/pages"}],"about":[{"href":"https:\/\/igbce-marburg.de\/index.php?rest_route=\/wp\/v2\/types\/page"}],"author":[{"embeddable":true,"href":"https:\/\/igbce-marburg.de\/index.php?rest_route=\/wp\/v2\/users\/3550"}],"replies":[{"embeddable":true,"href":"https:\/\/igbce-marburg.de\/index.php?rest_route=%2Fwp%2Fv2%2Fcomments&post=64"}],"version-history":[{"count":69,"href":"https:\/\/igbce-marburg.de\/index.php?rest_route=\/wp\/v2\/pages\/64\/revisions"}],"predecessor-version":[{"id":2782,"href":"https:\/\/igbce-marburg.de\/index.php?rest_route=\/wp\/v2\/pages\/64\/revisions\/2782"}],"wp:attachment":[{"href":"https:\/\/igbce-marburg.de\/index.php?rest_route=%2Fwp%2Fv2%2Fmedia&parent=64"}],"curies":[{"name":"wp","href":"https:\/\/api.w.org\/{rel}","templated":true}]}}